{"id":11,"date":"2025-10-15T16:36:44","date_gmt":"2025-10-15T16:36:44","guid":{"rendered":"https:\/\/nordtoppen.com\/?page_id=11"},"modified":"2025-10-24T11:43:17","modified_gmt":"2025-10-24T11:43:17","slug":"om-oss","status":"publish","type":"page","link":"https:\/\/nordtoppen.com\/?page_id=11","title":{"rendered":"Om oss"},"content":{"rendered":"\n<p>Nordtoppen \u00f6verbryggar tillsammans n\u00e4ringsliv och offentlig sektor. Vi \u00e4r besj\u00e4lade av att bidra till f\u00f6retags och samh\u00e4llets utveckling.<\/p>\n\n\n\n<h2 class=\"wp-block-heading\">Peter Ericson<\/h2>\n\n\n\n<p>Driven av nyfikenhet och utveckling. Kunder uppskattar hans stora engagemang, r\u00e4ttframhet och gedigna kunskaper inom ledarskap, aff\u00e4rsutveckling och entrepren\u00f6rskap. <\/p>\n\n\n\n<p>f\u00f6rnamn.efternamn@nordtoppen.com<br>070-555 88 99<\/p>\n\n\n\n<p>\ud83d\udd17 <a href=\"https:\/\/www.linkedin.com\/in\/peter-ericson-12181913\/\">LinkedIn<\/a><\/p>\n\n\n\n<h2 class=\"wp-block-heading\">Lenita Ericson<\/h2>\n\n\n\n<p>Brinner f\u00f6r att se andra utvecklas och n\u00e5 sina m\u00e5l. Kunder uppskattar hennes f\u00f6rm\u00e5ga att utmana invanda tankes\u00e4tt och skapa nya perspektiv.<\/p>\n\n\n\n<p>f\u00f6rnamn.efternamn@nordtoppen.com<br>070-555 88 94<\/p>\n\n\n\n<p>\ud83d\udd17 <a href=\"https:\/\/www.linkedin.com\/in\/lenitaericson\/\">LinkedIn<\/a><\/p>\n\n\n\n<p><\/p>\n","protected":false},"excerpt":{"rendered":"<p>Nordtoppen \u00f6verbryggar tillsammans n\u00e4ringsliv och offentlig sektor. Vi \u00e4r besj\u00e4lade av att bidra till f\u00f6retags och samh\u00e4llets utveckling. Peter Ericson Driven av nyfikenhet och utveckling. Kunder uppskattar hans stora engagemang, r\u00e4ttframhet och gedigna kunskaper inom ledarskap, aff\u00e4rsutveckling och entrepren\u00f6rskap. f\u00f6rnamn.efternamn@nordtoppen.com070-555 88 99 \ud83d\udd17 LinkedIn Lenita Ericson Brinner f\u00f6r att se andra utvecklas och n\u00e5 sina [&hellip;]<\/p>\n","protected":false},"author":1,"featured_media":0,"parent":0,"menu_order":0,"comment_status":"closed","ping_status":"closed","template":"","meta":{"footnotes":""},"class_list":["post-11","page","type-page","status-publish","hentry"],"_links":{"self":[{"href":"https:\/\/nordtoppen.com\/index.php?rest_route=\/wp\/v2\/pages\/11","targetHints":{"allow":["GET"]}}],"collection":[{"href":"https:\/\/nordtoppen.com\/index.php?rest_route=\/wp\/v2\/pages"}],"about":[{"href":"https:\/\/nordtoppen.com\/index.php?rest_route=\/wp\/v2\/types\/page"}],"author":[{"embeddable":true,"href":"https:\/\/nordtoppen.com\/index.php?rest_route=\/wp\/v2\/users\/1"}],"replies":[{"embeddable":true,"href":"https:\/\/nordtoppen.com\/index.php?rest_route=%2Fwp%2Fv2%2Fcomments&post=11"}],"version-history":[{"count":11,"href":"https:\/\/nordtoppen.com\/index.php?rest_route=\/wp\/v2\/pages\/11\/revisions"}],"predecessor-version":[{"id":89,"href":"https:\/\/nordtoppen.com\/index.php?rest_route=\/wp\/v2\/pages\/11\/revisions\/89"}],"wp:attachment":[{"href":"https:\/\/nordtoppen.com\/index.php?rest_route=%2Fwp%2Fv2%2Fmedia&parent=11"}],"curies":[{"name":"wp","href":"https:\/\/api.w.org\/{rel}","templated":true}]}}